 (base 10) to base 4.
-13110
Convert 17534 (base 8) to base 14.
2cd6
Convert 21221123 (base 4) to base 10.
39515
What is -8a9 (base 16) in base 14?
-b45
11010001 (base 2) to base 6
545
Convert 1000100111000111 (base 2) to base 9.
53340
Convert 7106 (base 10) to base 14.
2838
What is -121022022 (base 3) in base 4?
-2321300
-56263 (base 7) to base 4
-3131332
-12273 (base 8) to base 15
-188c
-1273 (base 8) to base 4
-22323
Convert -1203 (base 5) to base 3.
-20121
16f1 (base 16) to base 8
13361
Convert 2005 (base 8) to base 11.
856
225a (base 11) to base 14
1121
What is -2b08 (base 13) in base 14?
-23d3
Convert 1c3c1 (base 13) to base 3.
2211020212
-30347 (base 9) to base 15
-5db4
907 (base 11) to base 6
5024
What is -53311 (base 9) in base 8?
-104655
What is -10424 (base 5) in base 4?
-23203
-15 (base 12) to base 8
-21
-114134 (base 8) to base 3
-1222111121
What is -484 (base 9) in base 12?
-294
What is 2513 (base 6) in base 4?
21231
-32018 (base 9) to base 10
-21158
Convert -116 (base 11) to base 4.
-2022
Convert -32d (base 15) to base 13.
-433
111000101011 (base 2) to base 7
13401
5184 (base 9) to base 11
2947
Convert -17d (base 16) to base 6.
-1433
13123 (base 5) to base 15
493
What is 544 (base 11) in base 6?
3005
-13150 (base 6) to base 16
-7da
Convert -5633 (base 7) to base 16.
-7f1
Convert -44361 (base 8) to base 12.
-a981
39ac (base 13) to base 4
2000332
-12dc (base 14) to base 6
-23230
What is -12011100 (base 3) in base 14?
-152a
7c5 (base 13) to base 11
1012
Convert 30424 (base 6) to base 2.
111111010000
Convert -10101000101 (base 2) to base 6.
-10125
What is -594 (base 13) in base 12?
-686
591c (base 16) to base 10
22812
What is 2980 (base 10) in base 8?
5644
Convert 10001010001 (base 2) to base 6.
5041
9e1 (base 16) to base 8
4741
Convert -331 (base 8) to base 5.
-1332
222100011 (base 3) to base 2
100101100000001
What is -3203 (base 6) in base 4?
-23103
Convert -18 (base 13) to base 12.
-19
Convert 1133003 (base 4) to base 16.
17c3
Convert -10100101010101 (base 2) to base 9.
-15456
-4013 (base 6) to base 14
-465
Convert -6542 (base 11) to base 5.
-234022
-96e (base 16) to base 11
-18a5
Convert -824 (base 12) to base 5.
-14210
What is -1122121120 (base 3) in base 9?
-48546
What is -4507 (base 15) in base 12?
-8574
-3552 (base 12) to base 7
-23252
What is -418 (base 13) in base 11?
-584
What is 79a5 (base 12) in base 14?
4cd7
Convert -10324 (base 6) to base 12.
-9a4
Convert -6240 (base 10) to base 11.
-4763
-2860 (base 14) to base 5
-212030
What is -325 (base 13) in base 3?
-201221
-1020011002 (base 3) to base 11
-17180
-22282 (base 9) to base 16
-39e0
What is -5345 (base 7) in base 8?
-3547
What is -70196 (base 10) in base 11?
-48815
Convert -12521 (base 6) to base 12.
-1141
480 (base 11) to base 2
1000111100
2807 (base 10) to base 2
101011110111
Convert -161 (base 14) to base 7.
-551
Convert -876 (base 10) to base 13.
-525
What is 2a2 (base 12) in base 7?
1124
-101020021 (base 3) to base 12
-4397
Convert 4522 (base 11) to base 5.
142303
What is 252 (base 11) in base 2?
100101011
-3120 (base 6) to base 14
-37a
1120 (base 6) to base 9
323
Convert -1167b (base 15) to base 4.
-31202222
-4947 (base 16) to base 14
-6b9d
What is -393 (base 14) in base 3?
-222120
Convert -1211001 (base 3) to base 11.
-aa4
What is -9d9a (base 15) in base 12?
-17431
Convert -100121222 (base 3) to base 2.
-1101101101011
What is -4eb (base 16) in base 5?
-20014
What is 1707 (base 11) in base 3?
2222221
Convert -130500 (base 6) to base 16.
-2e44
114435 (base 6) to base 13
47a2
What is -13009 (base 10) in base 14?
-4a53
2444133 (base 5) to base 9
71162
What is 2a92 (base 14) in base 8?
16630
1010000 (base 2) to base 11
73
Convert -56523 (base 7) to base 14.
-5313
What is -11f (base 16) in base 7?
-560
73a (base 11) to base 8
1572
What is 4523 (base 6) in base 14?
559
What is -1221 (base 4) in base 2?
-1101001
3081 (base 13) to base 9
10160
What is 731b (base 13) in base 6?
201354
-248 (base 10) to base 12
-188
What is -10110 (base 4) in base 12?
-1b0
What is -c21 (base 13) in base 11?
-15a9
Convert 21 (base 11) to base 3.
212
1e4 (base 15) to base 4
12313
29532 (base 10) to base 6
344420
What is 1024 (base 13) in base 16?
8b3
5003 (base 8) to base 5
40223
Convert 6253 (base 8) to base 5.
100433
Convert 88 (base 14) to base 5.
440
What is -6ec1 (base 16) in base 13?
-cba0
-11410 (base 5) to base 2
-1101010111
Convert 12240 (base 5) to base 6.
4213
Convert 11123 (base 5) to base 11.
657
What is -d0 (base 16) in base 13?
-130
What is 10225 (base 6) in base 11?
104a
-3065 (base 8) to base 11
-1215
What is 1211120 (base 3) in base 15?
5e3
What is -6a50 (base 12) in base 11?
-8a0a
1001200012 (base 3) to base 6
240435
What is -42032 (base 6) in base 13?
-2747
-1448 (base 12) to base 16
-938
5828 (base 12) to base 5
303244
What is -1223 (base 6) in base 8?
-457
-837 (base 14) to base 13
-975
-6725 (base 9) to base 12
-2a58
421343 (base 5) to base 2
11011010010101
-314 (base 12) to base 3
-121121
What is -277 (base 11) in base 16?
-146
-2112 (base 6) to base 16
-1dc
What is 1010111100 (base 2) in base 11?
587
What is -63707 (base 8) in base 4?
-12133013
-52c (base 13) to base 6
-4031
What is -67 (base 15) in base 12?
-81
What is 42354 (base 8) in base 9?
26174
What is 20002330 (base 4) in base 12?
170a4
Convert aea9 (base 15) to base 8.
110303
-959b (base 13) to base 14
-77bc
Convert 309 (base 13) to base 6.
2220
3142 (base 10) to base 16
c46
Convert 149 (base 11) to base 13.
105
Convert -1262 (base 9) to base 3.
-1022002
Convert 4a9f (base 16) to base 2.
100101010011111
Convert -10361 (base 7) to base 12.
-15bb
What is -1498 (base 16) in base 2?
-1010010011000
What is 135 (base 14) in base 12?
183
What is 13310 (base 4) in base 16?
1f4
What is -402 (base 7) in base 16?
-c6
111011100101 (base 2) to base 8
7345
Convert 1111010101 (base 2) to base 10.
981
Convert -90c4 (base 16) to base 5.
-2141220
What is 503 (base 9) in base 10?
408
-377 (base 11) to base 15
-1ec
-28b3 (base 14) to base 16
-1c2d
What is -3 (base 14) in base 10?
-3
99 (base 12) to base 7
225
1768 (base 9) to base 13
806
1445 (base 10) to base 4
112211
-32043 (base 10) to base 2
-111110100101011
Convert 10238 (base 13) to base 12.
14902
What is -11011001000 (base 2) in base 8?
-3310
What is 3110 (base 5) in base 7?
1116
Convert 101011110110101 (base 2) to base 16.
57b5
-1701 (base 8) to base 14
-4c9
-313 (base 8) to base 11
-175
1011220221 (base 3) to base 14
86a4
-16 (base 9) to base 4
-33
Convert 17b3 (base 14) to base 10.
4273
7c3d (base 14) to base 9
32576
-2200001 (base 3) to base 14
-9cd
5211 (base 6) to base 10
1159
Convert 2b64 (base 13) to base 6.
45155
Convert 113 (base 5) to base 15.
23
Convert 584 (base 15) to base 4.
103201
10100100000111 (base 2) to base 13
4a1c
What is 344 (base 10) in base 15?
17e
-9bb (base 13) to base 11
-1293
What is 404 (base 8) in base 15?
125
471 (base 9) to base 8
604
What is 100000020 (base 3) in base 13?
2cb2
Convert -21222 (base 4) to base 11.
-512
-20122213 (base 4) to base 2
-1000011010100111
What is 18308 (base 10) in base 8?
43604
What is -5368 (base 9) in base 2?
-111101101110
What is 3345 (base 7) in base 3?
1122210
4436 (base 9) to base 8
6311
Convert -242013 (base 5) to base 8.
-21460
Convert 53aa (base 11) to base 3.
100210101
a06 (base 14) to base 12
117a
What is 50650 (base 7) in base 15?
39c4
Convert -12110 (base 4) to base 16.
-194
2201102 (base 3) to base 8
3676
Convert -4573 (base 14) to base 6.
-131453
What is 413401 (base 5) in base 8?
32441
What is 300433 (base 5) in base 4?
2110111
123443 (base 7) to base 3
1011100212
Convert 11101111 (base 2) to base 16.
ef
Convert 154 (base 16) to base 14.
1a4
299a (base 16) to base 7
43023
-3561 (base 8) to base 12
-1129
What is -35056 (base 7) in base 3?
-110021211
62204 (base 7) to base 5
441234
Convert -276 (base 16) to base 11.
-523
What is 340 (base 11) in base 6?
1515
Convert -1010000110 (base 2) to base 6.
-2554
What is -22220122 (base 3) in base 16?
-1961
Convert -340021 (base 5) to base 7.
-46440
-11 (base 11) to base 7
-15
6603 (base 11) to base 6
104203
301421 (base 6) to base 14
88cd
Convert 131 (base 4) to base 7.
41
1979 (base 10) to base 5
30404
Convert 20351 (base 6) to base 4.
222223
What i